 1/2*y**3. What is d(-2)?
5
Let r(h) be the second derivative of h**5/20 + h**4/2 - 7*h**2/2 + 28*h. Let o be (-1 + -4)*(-12)/(-10). Calculate r(o).
-7
Let t(h) = -h**3 + 2*h**2 - 1. Suppose 0 = 5*g - 0*b + 5*b - 20, -9 = -4*g + 3*b. Let m = g + -4. Determine t(m).
2
Let v(z) = z + 8 - 8 + 4. Let g(u) = -u**2 + 8*u - 3. Let w be g(8). Give v(w).
1
Suppose 2 = 5*g + 17. Let t(l) = -l**2 - 2*l + 1. What is t(g)?
-2
Let p(v) = -v**3 + 5*v**2 + 3*v + 2. Let f(d) = -2*d**3 + 10*d**2 + 5*d + 5. Let n(s) = -2*f(s) + 5*p(s). Give n(6).
-6
Let o(k) = -4*k - 4. Let d(q) = -3*q - 4. Let g(t) = t**2 + 11*t + 8. Let l be g(-10). Let b(h) = l*o(h) + 3*d(h). Calculate b(3).
-7
Let k(z) = z + 2. Let v be k(-3). Let s(d) = -3*d**2 + 2*d + 1. Give s(v).
-4
Suppose 8*q - 6 = 5*q. Suppose 2*h = -q, h = -5*t + 3*h + 92. Let w = 13 - t. Let g(d) = -d**2 - 3*d - 2. Determine g(w).
-12
Suppose 4*r + 1 + 3 = 0. Let d(p) be the first derivative of 2*p**3/3 + p**2/2 - 1. Calculate d(r).
1
Let b(r) = -r**2 + 8*r - 8. Let o(j) = -j**3 - j**2 - 2*j - 1. Let x be o(-2). Calculate b(x).
-1
Let b(r) = -r - 2. Let l = -2 + -2. What is b(l)?
2
Suppose 0*r + 3*r - 33 = 0. Suppose 5*j = -h + 29, -3*j - 4*h = -r - 3. Let b(l) = l**3 - 7*l**2 + 9*l - 4. Determine b(j).
14
Let o(y) = -y - 4. Suppose 2*r + 29 = 3*b, -2*r + 4*b - 27 = -r. Calculate o(r).
3
Let t(o) be the first derivative of -o**4/4 - 5*o**3/3 - o**2/2 + 4*o + 1. Suppose -2*h - 5 - 5 = 0. Determine t(h).
9
Let j(l) = -2*l**3 - 3*l**2 - 3*l. Suppose a + 5*d = 23, 4*a - 5*d = -4*d + 8. Suppose 4 = -a*n + 16, w - 4*n = -16. Suppose i + 2 = -w. What is j(i)?
10
Let w be (-36)/14 + (-3)/7. Let k(n) = 2*n + 2. Calculate k(w).
-4
Suppose 0 = -0*m + 8*m - 40. Let g(n) = -n**2 + 4*n + 4. Give g(m).
-1
Let v = -12 + 16. Let z(r) be the third derivative of 0 + 0*r - r**3 - 1/24*r**v - 2*r**2. Calculate z(-3).
-3
Let w(f) = 10*f + 1. Suppose 0 = 5*j + 20 + 10. Let c = j - -5. What is w(c)?
-9
Let h(z) = -z - 4. Let r be h(-3). Let m = 5 + -2. Let y(f) = -m*f**2 - f**2 - f**2 + 5 - 4. Calculate y(r).
-4
Suppose 3*a - 5 = -c + 4, 3*a = 2*c. Let h be (-1)/a*(-18)/(-3). Let z(r) = -r - 1. Let l(g) = g**2 + 4*g + 4. Let b(o) = -l(o) - 2*z(o). What is b(h)?
-5
Suppose -3*r = -3*j + 24, 2*j = -5*r - 5 - 14. Let x(d) be the second derivative of -1/2*d**2 + 0*d**j + 0 - 2*d - 1/12*d**4. Determine x(2).
-5
Let v(s) = s**2 + 12*s + 4. Suppose -25*c + 20*c = 60. What is v(c)?
4
Suppose -4*v = -3*a - v + 18, -2*a - 5*v = 2. Let j(b) = b**3 - 7*b**2 + 7*b - 9. Let d be j(6). Let i = d + a. Let m(q) = -6*q**2 - q + 1. Determine m(i).
-6
Let u(t) = -t + 18. Suppose -m = -6*m - 10. Let r be (0/m)/(-3 - -1). Calculate u(r).
18
Let a(f) = 24*f**3 - 37*f**3 + f**2 + 17*f**3. Calculate a(1).
5
Let a(h) = -h**3 - 5*h**2 - 3*h - 2. Suppose 0 = 5*j - 5*b + 10, 5*j + 13 = 4*b - 2*b. What is a(j)?
-11
Suppose 0 = -c - 0*c + 2. Let w(g) = -3*g**2 + 0*g**c + 2*g**3 + 3 - g**2 - 3*g**3. What is w(-3)?
-6
Let n be 4/(-8)*8/2. Let y = n + 5. Let j(t) = t**2 - 6*t + 3. Determine j(y).
-6
Let n(r) be the third derivative of -r**4/24 + r**3/6 - 11*r**2. Give n(2).
-1
Let l(v) = 5*v**2 - 1. Let k(h) = 2*h**2 - h. Let p be k(-1). Suppose -1 = p*w + 2. What is l(w)?
4
Let c(k) be the third derivative of -k**4/24 - 143*k**2. Let w = 1 - -1. Calculate c(w).
-2
Suppose -f - 3*f - 12 = 0. Let v(o) = o. Give v(f).
-3
Suppose 6 = 3*f - 12. Let s(z) = -z**3 + 5*z**2 + 7*z - 1. Determine s(f).
5
Let c(j) = 4 - 3*j - j**2 + 0*j**2 + 2*j - 9*j**3 - 5. Give c(-1).
8
Let b(o) = 2 + 0*o - 4*o + o - 2*o + 6*o**2 - o**3. Let x be 2*1/2*5. Suppose -x*p + 45 = 5*g, -g + 3*p + 13 = 4*g. Give b(g).
2
Let l(u) = 4*u**3 - 7*u**2 - u + 1. Let o(q) = 11*q**3 - 20*q**2 - 3*q + 2. Let z(x) = 8*l(x) - 3*o(x). Let t = -26 - -48. Let c = -18 + t. Calculate z(c).
6
Let n(u) = 3*u - 6. Let o be -2 + 9 + (-3 - 0/2). Calculate n(o).
6
Let w(i) = -i + 1. Let x be w(5). Let y(r) = 4*r + 3. Give y(x).
-13
Suppose -5*m + 14 = 2*c - 0*m, -5*c + m + 35 = 0. Let q(h) = -c*h - 3 - 3 + 2*h**2 - 3*h**2 + h. Determine q(-4).
2
Let n = 7 - 7. Let j(o) = -3*o**3 + 4*o + n*o**2 + 4*o**2 + 3 - 1 + 4*o**3. Calculate j(-2).
2
Let g(v) = 5*v**2 - 2*v + 1. Let t be g(1). Suppose t*z - 2*o = 16, 2*o = 4*z + z - 21. Let m(d) = d**3 - 4*d**2 - 4*d - 7. Calculate m(z).
-2
Let w(r) = -r**2 + 6*r - 5. Let n be (-6)/33 + (-136)/(-22). Calculate w(n).
-5
Let y(v) = -v + 4*v - 4*v + 1. Let c = 4 + -4. What is y(c)?
1
Let o(x) = x + 1. Let f(d) = d**2 + 3*d - 1. Let z(q) = f(q) + 4*o(q). Let g be ((-91)/42 - (-2)/3)*2. Calculate z(g).
-9
Let k(j) = j**2 + 3 + 6*j + 0 + 6. Give k(-6).
9
Let r(i) = -5 + 2 - 4*i + 5 + 7*i. What is r(-6)?
-16
Let u(f) = f - 3. Let h be u(5). Let g(t) = -2*t**2 + 2*t**h + t**2 + 3 - 4*t. Let s = -120 + 123. What is g(s)?
0
Let d(w) be the second derivative of 5*w**3/6 + w**2 + 2*w. Give d(-3).
-13
Let r = -2 + 1. Suppose 3*q = 4*q - 3. Let c(j) = -j - 2*j**3 - 2*j**q + j**2 - 1 + 0. Give c(r).
5
Suppose 0 = -2*l - v + 21, -4*l - 5*v - 14 + 53 = 0. Let r(p) = -11*p + l*p - 2*p**2 + 7*p**3 + 1. Give r(-1).
-8
Let h(a) = -a - 1. Let d(r) = -2*r - 4. Let z(j) = 2*d(j) - 2*h(j). What is z(-6)?
6
Let h(s) be the third derivative of -s**7/2520 - s**6/720 - 5*s**4/24 + 10*s**2. Let c(g) be the second derivative of h(g). What is c(2)?
-6
Let h(m) = 2*m**2 + 4*m. Suppose 3*j + 2*g - 1 = 0, -4*j + 3 + 0 = 3*g. Let n be h(j). Let u(i) = -i**2 + 5*i + 3. Give u(n).
-3
Suppose -6*n + 12 = -3*n. Let i(j) = 5*j**2 + 2*j + 8. Let p(c) = 14*c**2 + 7*c + 23. Let x(o) = n*p(o) - 11*i(o). Calculate x(-4).
-4
Let v(q) be the third derivative of -q**3 + 2*q**2 - 1/24*q**4 + 0*q + 0. What is v(-5)?
-1
Let b be (1 + 1)*2/(-4). Let a(y) = -8*y**3 - 2*y**2 + 1. Determine a(b).
7
Let m(q) = 3*q + 3. Let y = 5 - 8. Let h(s) = -2*s - 2. Let v(j) = y*m(j) - 5*h(j). Give v(3).
4
Let x(o) = 3*o**2 + 8*o - 1. Let z(l) = -l**2 - 4*l + 1. Let n(b) = 2*b**2 + 8*b - 2. Let j(a) = 2*n(a) + 5*z(a). Let h(w) = 5*j(w) + 2*x(w). What is h(4)?
3
Let o(i) = -3*i + 3. Let n(g) = -g + 3. Let a be n(5). Let j = 5 + a. Give o(j).
-6
Let m(v) = -3*v - 1. Suppose -4*w - 1 = 3. Let u be 3 + 1 - (-5)/w. Calculate m(u).
2
Let d(g) = g**2 + g - 3. Suppose 7 = -o + 11. What is d(o)?
17
Suppose 0*o = 2*o + 2. Let d(j) = 2*j**2 + j - 3*j + 0*j**3 - j**3. Let y(x) = x**3 - 4*x**2 + 3*x. Let v(c) = 5*d(c) + 3*y(c). Calculate v(o).
1
Let u(l) = -4*l - 2. Let b(d) be the second derivative of -d**5/20 + 3*d**4/4 + 3*d**3/2 + 6*d**2 - 3*d. Let x be b(10). Determine u(x).
-10
Let f(g) = -g**2 + 5*g - 4. Let j(z) = -z**3 - 6*z**2 - 7*z - 6. Let l be j(-5). Let x be ((-14)/l)/((-1)/(-2)). Let m = 11 + x. What is f(m)?
0
Let v(w) = -5*w. Suppose 0 = -o + 7 - 1. Suppose -l + 1 = -q, -o*q = -q + 2*l + 5. Determine v(q).
5
Let i(f) = f**2 - 1. Let z be ((-12)/(-18))/((-2)/(-30)). Suppose 0 = 5*h - m + 2, z = -3*h - 2*h + 5*m. What is i(h)?
-1
Let k(m) = -4*m**3 - 1. Let b(q) = -3*q**3. Let t(s) = 3*b(s) - 2*k(s). Let i(r) = -r**3 - 8*r**2 - 8*r - 6. Let y be i(-7). Let h = y - 1. Give t(h).
2
Let j(h) = h**2 - 2*h + 3. Let t = 5 - 2. What is j(t)?
6
Let p = -2 + 3. Let d be 3/p + 0/2. Let k(f) = 0*f**2 - f**d + 2 - 4*f + 3*f**2 + 2*f. Calculate k(3).
-4
Let d(u) = u**3 + 5*u**2 - 3*u + 3. Let s(b) = 6*b. Let t be s(-1). What is d(t)?
-15
Let r be 9/6*16/6. Suppose 3*z = r*z. Let m(n) = n**2 + n + 1. Give m(z).
1
Let t(m) be the third derivative of -m**6/120 - m**5/10 - m**4/12 - 5*m**2. Give t(-6).
12
Let r be (10/(-7))/((-2)/(-14)). Let g(d) = d + 9. Calculate g(r).
-1
Let z be ((-3)/4)/(1/4). Let v(p) = 2*p**2 + 2*p + 7. Let c(g) = -3*g - 6 + 2 - 2 - 2*g**2. Let x(j) = 3*c(j) + 2*v(j). What is x(z)?
-7
Let x(s) = 6*s. Let b(v) = -v**2 - 11*v - 4. Let y be b(-10). Suppose l - 3 + 2 = f, -5*f + 3 = -l. Suppose y*d - 5*d = -f. Calculate x(d).
-6
Let i(c) be the third derivative of c**5/60 + c**4/4 + c**3/3 - 39*c**2. Let f = -7 + 3. What is i(f)?
-6
Let w(j) = j**3 - j**2 - j - 10. Let v be w(3). Let f(i) be the third derivative of i**5/60 - 7*i**4/24 + i**3/3 - i**2. Determine f(v).
-8
Let u(b) be the second derivative of b**2 + 0 - 1/6*b**3 + 2*b. Suppose 4 = -0*c - c. Calculate u(c).
6
Let l(p) = p + 12. Let c = 42 - 29. Let m = c - 18. Determine l(m).
7
Let i